e the highest common divisor of k and 325.
13
Let g(d) = -5*d + 195. Let a be g(31). Suppose a = -m + 53. Let v = -6 + 19. Calculate the highest common divisor of v and m.
13
Let v(c) = -7*c**3 + 5*c**2 + 7*c + 245. Let x be v(-12). What is the highest common divisor of x and 76?
19
Let w = -147 - -234. Suppose -w*s + 83*s = -124. What is the highest common divisor of s and 682?
31
Suppose 0 = 320*u - 309*u - 1540. What is the greatest common divisor of u and 322?
14
Let f be 3/(-12) + (-6)/(-24). Suppose f = -t - 12 + 44. What is the highest common divisor of t and 96?
32
Let m be (19 - 2)/((-168)/(-3192)). What is the greatest common factor of 68 and m?
17
Let z(n) = 17*n**2 - 525*n - 48. Let v be z(31). Calculate the highest common factor of v and 29806.
14
Let k(w) = -3*w**3 - 3*w**2 - 498*w - 993. Let o be k(-2). Let n be 7 - (0 + 2 + 0). Calculate the highest common divisor of n and o.
5
Suppose -1 = a - 2. Let d(i) = 19*i + 131. Let r be d(-5). Suppose 4*g = -w + 7*g - 4, 0 = -5*w + g + r. What is the greatest common factor of w and a?
1
Let b = -24 - -32. Suppose 0 = -6*u + b*u - 12. Let i(g) = g**3 - 4*g**2 + 8. Let l be i(u). Calculate the greatest common factor of l and 32.
16
Let d(f) = -72*f**3 + 4*f**2 - 24*f - 80. Let w be d(-4). What is the highest common factor of 16 and w?
16
Suppose 5*o = -2*v + 48, 0*v - v + 5*o = 6. Let n(x) = x**2 + 38*x - 162. Let b be n(4). Calculate the greatest common factor of v and b.
2
Suppose -3*w - 54 = 2*c - 168, 6*c - 142 = -4*w. What is the highest common factor of 5160 and w?
40
Let i be (45/(-25) + -6)/(17/(-340)). What is the greatest common divisor of i and 48?
12
Let k = 42 - -23. Suppose 5*u = -0*u + k. Suppose 8*c + u = 9*c. What is the highest common divisor of c and 65?
13
Let o be ((-1)/(-3))/(3/45). Suppose -o*c = -v + 22, 3*c - c - 137 = -5*v. What is the highest common divisor of v and 189?
27
Let n = -169704 + 169819. Let k(l) = 11*l**2 - 5*l + 3. Let q be k(5). What is the greatest common factor of q and n?
23
Let p(t) = 2*t - 5. Let o be p(5). Let m(d) = -d**2 - 815*d + 34 - 12 + 1619*d - 820*d. Let z be m(-17). Calculate the highest common factor of o and z.
5
Suppose 100*m = 108*m - 400. Let b be (-114)/(-10) + 30/m. What is the greatest common divisor of b and 1?
1
Let w be (-1184)/(-18) + 2/9. Suppose 513 - 105 = 68*t. Calculate the highest common divisor of t and w.
6
Let v be -7 - (-165)/10 - 3/(-6). Let n(d) = -108*d**3 - 2*d. Let q be n(-1). Calculate the highest common divisor of q and v.
10
Suppose -2*h + 524 = u, 2724 = -15*u + 20*u - 3*h. What is the greatest common divisor of 444 and u?
12
Let d be (-3 - 4) + 8/((-24)/39). Suppose -4*y = -3*y - 2. Let w be (-14 - (y - 2))*10/d. Calculate the greatest common factor of 77 and w.
7
Let r(h) = 49*h**2 + h. Let v be r(-1). Let k = -228 - -233. Suppose -1688 = 4*u - 9*u - 2*b, k*b = -5*u + 1700. What is the greatest common factor of u and v?
48
Let m(l) = -2*l**2 - 4*l - 25. Let t be m(-5). Let r = -38 - t. What is the highest common factor of 17 and r?
17
Suppose -5*x - 1 = -3*y + 1, 2*y = 8. Suppose -x*z - 4*k + 24 = 0, -3*z - 7*k + 34 = -3*k. What is the highest common factor of 100 and z?
10
Let r = 13542 - 13532. Calculate the greatest common factor of 5385 and r.
5
Let x be (-6)/33 - (-31480)/110. Let c be 2/11 - (-9958)/x. Calculate the greatest common factor of 14 and c.
7
Suppose 323 = 64*m - 10941. Suppose -2*p = 3*j - 37, 3*j - 2*p = -6*p + 41. Calculate the highest common divisor of j and m.
11
Suppose 58*w + 2283 = 2921. Calculate the greatest common factor of 19151 and w.
11
Let m be (-20)/(-3) - (-4)/(-6). Suppose 0 = 5*o - 3*o - m. Let f(s) = -s - 6. Let c be f(-9). Calculate the greatest common factor of o and c.
3
Let b(m) = m**3 + 6*m**2 - 12*m - 23. Let a be b(-6). Let s be -7*(-58 + (-90)/(-10)). Calculate the highest common factor of s and a.
49
Let y = -250 - -240. Let u be (-1*3)/((19 + y)/(-153)). What is the highest common divisor of u and 136?
17
Suppose -67*y + 504411 = -971264. Calculate the greatest common factor of y and 25.
25
Let i(v) = 4*v**3 - 5*v**2 - 10*v - 9. Let u be i(3). What is the greatest common factor of u and 168?
24
Suppose -2*s = 4*s + 438. Let r = 44 + s. Let m = r - -55. What is the greatest common divisor of m and 234?
26
Suppose 46*d + p + 278 = 47*d, 0 = d - 4*p - 275. Calculate the greatest common factor of 117 and d.
9
Suppose 0*v = -3*v + c - 3, -5*c = 0. Suppose 10*p + 19 = -11. Let y be v/(p/(-6)) - -16. Calculate the highest common factor of y and 98.
14
Suppose -4*h = -531 - 601. Let s(k) = -h - k + 140 + 142. Let i be s(-17). What is the highest common factor of 112 and i?
16
Let u be (94/(-14) - 0)/((27/3)/(-63)). What is the highest common divisor of 1739 and u?
47
Suppose -2972050 + 544073 = -311*a. What is the highest common factor of 422 and a?
211
Suppose -33331 = -107*u + 1368 - 6237. Calculate the greatest common divisor of 1022 and u.
14
Suppose 76*k + 73*k = 53*k + 8256. Calculate the greatest common factor of k and 3655.
43
Let q be 4/(-2 + 124/61). Suppose 0 = 4*m - 166 - q. Suppose -4 = -3*b + 3*g + 23, 4*b + g - 31 = 0. Calculate the highest common divisor of b and m.
8
Let a = -13 - -22. Let o be ((-504)/(-280))/(3/15). Calculate the greatest common factor of o and a.
9
Suppose -3*u = -4*g - 112, -4*u - 2*g = u - 230. Suppose 3773*s + 1305 = 3785*s - 1467. What is the greatest common divisor of s and u?
11
Let x = 2647 + -2591. Calculate the greatest common factor of x and 48.
8
Let a = 294 + -230. Suppose 27*r - a = 314. What is the greatest common factor of 448 and r?
14
Suppose -s - 236 = s - 3*l, 5*s = 3*l - 572. Let g be (-3056)/s - (-4)/(-14). What is the greatest common factor of g and 72?
9
Let b = 14398 + -14250. Calculate the greatest common factor of 15392 and b.
148
Let h be 1071 - (10 - 2/(16/(-4))*-8). Calculate the greatest common factor of 120 and h.
15
Let m = -468 + 656. Let l = 320 - m. Let t(o) = -2*o**2 + 14*o. Let w be t(6). Calculate the greatest common divisor of w and l.
12
Let h be 20/40*-4*3 - (-84 + 22). Calculate the greatest common divisor of h and 3592.
8
Let f be (-8)/(48/(-138)) - 5. Let v be (3 - (-45)/(-18))*f. Let d be (-1 - -13)*3/4. Calculate the greatest common divisor of d and v.
9
Let c be -2*7/112 + 741/104 + 6265. What is the highest common factor of 48 and c?
16
Suppose 5*z + 13 = p, 12*z = 8*z - 8. Calculate the highest common divisor of 267 and p.
3
Suppose -3*i = -100 - 92. Let z be (-80)/(-40) + 0 + i. Calculate the highest common factor of z and 110.
22
Let u be (-1876)/(-21)*-3 - 6. Let z = -154 - u. What is the highest common factor of z and 40?
40
Let l = 26449 - 26153. Calculate the greatest common divisor of 128 and l.
8
Let m be (((-377)/(-2))/1)/((-41)/(-656)). What is the greatest common divisor of m and 65?
13
Suppose 107 = -8*s + 371. Suppose 252 + 463 = 13*r. Calculate the greatest common divisor of r and s.
11
Let j be (5 - 4) + -1 - -44. Suppose j = -4*f + 5*r, 2*f = 4*r - r - 20. Let y be 1*24 - f/(-4). What is the highest common factor of y and 10?
10
Let d = -1637 - -2338. Suppose 0 = 3*h + b - 202 - d, 4*b - 312 = -h. Calculate the greatest common divisor of 5 and h.
5
Suppose -4*o - 62*w + 57*w = -157, -13*o - 2*w = -553. Let j = -870 + 1429. What is the highest common factor of j and o?
43
Suppose -k + n + 8900 = 0, 56*n + 35605 = 4*k + 51*n. Calculate the greatest common factor of k and 15.
15
Let i be (82 - 0)*7/14. Let f = i - 33. Suppose -f*h = -5*h - 45. Calculate the greatest common factor of h and 5.
5
Let n be (-18)/(-12) - (584/(-16) + 2). Suppose -3*s + s = -3*q + 674, 3*q - 679 = s. Calculate the greatest common factor of q and n.
12
Suppose -900 = -25*c - 0. Suppose 4*f - 105 - 75 = 0. Calculate the highest common factor of c and f.
9
Suppose -3*a = 3*g - 12 - 72, 0 = -4*g - 5*a + 111. Suppose -92 - 65 = -5*d - 4*j, -d = 2*j - g. Calculate the greatest common factor of 33 and d.
33
Suppose -4*u + 67 = -5*x, 4*u - 7 = -5*x + 30. Suppose 69 = u*k - 9. Calculate the highest common divisor of 9 and k.
3
Let n(v) = -v + 2*v**2 + 561 - 561. Let r be n(2). What is the highest common factor of r and 30?
6
Let c(o) = 148*o**2 - 48*o - 4. Let w be c(7). Calculate the highe